
Let r be 5/50*-2 - 2426/(-5). Suppose r = 5*k - 115. What is the greatest common divisor of k and 8?
8
Let s(u) = -2*u - 8. Let b be s(5). Let n be (154/33)/((-4)/b). What is the greatest common divisor of n and 126?
21
Suppose -5*z = -3*z - 4, -5*c - z + 12 = 0. What is the greatest common factor of c and 59?
1
Let d(s) = -28*s**3 - 394*s**2 - 30*s - 18. Let l be d(-14). Suppose -2*b = -100 + 40. Calculate the highest common factor of b and l.
10
Let s = 20 + -16. Suppose -15 = -3*j - 6*o + o, 0 = s*j - o - 43. What is the greatest common divisor of j and 80?
10
Let r = 572 + -477. What is the highest common divisor of 57 and r?
19
Let r be (-4)/(-10)*(-190 - 0)/2. Let j = r + 107. What is the greatest common divisor of j and 46?
23
Let m(n) be the third derivative of -n**6/120 - n**5/12 + n**4/3 + 13*n**3/6 - 8*n**2. Let a be m(-6). Calculate the greatest common divisor of 8 and a.
1
Suppose 112*o + 1638 = 119*o. What is the highest common factor of 162 and o?
18
Let u(w) = w**2 - 1 + 4*w + 12 + 4*w. Let m be u(-7). Suppose m*l + 4*k = 26 + 18, -3*k = 3. Calculate the highest common divisor of l and 36.
12
Let b = 14 + -9. Let g(n) = 2*n**2 - 79*n + 360. Let q be g(35). Calculate the highest common factor of q and b.
5
Let k be 3 - 0 - (-18)/3. What is the greatest common factor of 117 and k?
9
Let n = -12 - -17. Let i(s) = 18*s + 1. Let g be i(3). What is the greatest common divisor of n and g?
5
Let t(m) = 6*m - 5. Let h be t(6). Let r = 44 - h. What is the greatest common divisor of 143 and r?
13
Let v = -714 - -762. Calculate the highest common factor of 600 and v.
24
Let o(b) be the second derivative of b**3/2 - 16*b**2 + 14*b. Let p be o(12). Calculate the greatest common factor of p and 44.
4
Suppose 27*s = 75*s - 2208. What is the highest common factor of s and 184?
46
Let y be ((-1 - -2)*171)/(30/20). Let o = 170 - y. What is the greatest common divisor of 42 and o?
14
Let u(p) = -p**2 - 11*p - 12. Let r be u(-8). Suppose -2*v - 106 = -5*v + 2*w, 4*w + 104 = 3*v. What is the greatest common factor of v and r?
12
Let x = -17 - -39. Let p = x + -20. Suppose -86 = -p*r + 110. Calculate the highest common factor of 14 and r.
14
Let w(h) = 5*h - 1 + 1 - 6 + 5*h - h**2. Let s be w(9). Let z(k) = 9*k. Let m be z(3). What is the highest common factor of s and m?
3
Let r = -197 - -281. Let x be (0 + 4 - 1) + 9. What is the highest common factor of x and r?
12
Let p = 85 - 83. Suppose 2*x - 30 = -4*z, -z + x = p*z - 15. What is the greatest common factor of z and 12?
6
Suppose 2680 + 6014 = 42*q. Calculate the greatest common factor of q and 9.
9
Let n be 3 - (-9 - 3)/(-4). Suppose 4*l - 47 = 4*p + 157, n = 2*l + p - 102. Calculate the greatest common factor of l and 85.
17
Let h(j) = 2*j**2 - 6*j - 22. Let f be h(6). Suppose -5*x + 44 = 4*m - 26, -4*x - 2*m = -56. Calculate the highest common divisor of f and x.
14
Suppose 3*g + 3*m - 210 = 0, -5*g - m = -25 - 309. What is the greatest common divisor of 594 and g?
66
Suppose 3*g = 2*s + 171, 0*g - 5*s + 205 = 4*g. Suppose 220 = 3*b + g. Suppose 3*j = -c + 37, j - 2*c - 2 = 1. Calculate the greatest common divisor of b and j.
11
Suppose -4*j = -3*z - 232 - 60, 2*z + 223 = -3*j. Let q = z - -110. What is the highest common factor of 30 and q?
6
Let f = -120 - -220. Suppose 98 = 11*h - f. Suppose -18 - 18 = -4*j. What is the highest common factor of h and j?
9
Let g be 1 - (1386/(-7))/((-6)/(-4)). Calculate the highest common factor of g and 95.
19
Let g be 412/4 + (-4)/(-4). What is the greatest common factor of g and 364?
52
Let p(h) = 280*h**2 + 4*h. Let o be p(-1). What is the greatest common factor of o and 12?
12
Suppose -4*l - 2*q + 273 = q, -318 = -5*l + 4*q. Let n = l + -15. Let a = 72 - n. What is the highest common factor of a and 21?
21
Let y(p) = 28*p**2 + 1. Let x be y(-1). Let a = x + -20. Suppose -5*q + 49 - a = 0. Calculate the greatest common factor of 88 and q.
8
Suppose -20*y + 5687 = -9*y. What is the highest common factor of 94 and y?
47
Let r = -29 - -71. Suppose -10*w + r = -7*w. Suppose 4*i = 5*i - 35. Calculate the greatest common divisor of w and i.
7
Let o = 3119 - 2093. Let a be o/42 - 3/7. What is the highest common factor of 48 and a?
24
Suppose -5*b = -6 - 19. Suppose 3*t - 3*n = n + 71, t = -b*n + 11. Let w = t + -15. What is the highest common factor of 15 and w?
3
Let v be (-69)/(-276) - (-4646)/8. Calculate the greatest common divisor of 14 and v.
7
Let p = -71 - -93. Calculate the highest common divisor of p and 264.
22
Let w = -22 + 11. Let x(k) = k**2 - 12*k + 7. Let c be x(w). Let q = -272 + 298. Calculate the highest common factor of c and q.
26
Let m(o) = 0 + 8*o + 0 + 4*o - 6. Let a be m(8). Suppose -54 - a = -4*x. Calculate the greatest common divisor of 24 and x.
12
Suppose 4*m = 3*q - 0*q + 21, -5*m - 5*q = 0. Suppose 4*f + 0 = 24. Calculate the highest common factor of m and f.
3
Let z = 28 + 0. Calculate the greatest common factor of 63 and z.
7
Suppose 11*q + 360 = 29*q. What is the highest common factor of 120 and q?
20
Let i = 0 + 11. Suppose x - i = 8. What is the greatest common factor of x and 57?
19
Suppose -h + 6 = 1. Suppose -2*v = -5*x - 0*v + 80, -h*x + 80 = 4*v. Calculate the highest common factor of 64 and x.
16
Let c be (25 + -16)*2/((-1)/(-1)). Suppose 5*w - c - 7 = 5*x, -3*x + 9 = 0. What is the highest common factor of 72 and w?
8
Suppose 2*q - 5*a = 7*q - 35, 3*a + 9 = 3*q. Suppose 10*h - 920 = q*h. Calculate the highest common divisor of 23 and h.
23
Let y(s) = 84*s**3 + 8*s**2 - 10*s + 2. Let f be y(1). What is the greatest common divisor of 28 and f?
28
Let s be (-15)/3 - 4235/(-35). Suppose h + 5*v = 41 + 3, 0 = 2*h + 3*v - 67. What is the highest common factor of s and h?
29
Suppose 0 = -4*z - v + 67, 2*v - 4*v = 5*z - 80. Calculate the greatest common divisor of 6 and z.
6
Let c be (3 - (0 + -2))*2. Suppose -v - 16 = -c. Let q = v - -18. What is the greatest common factor of q and 132?
12
Let c(y) = -4*y - 35. Let v be c(-10). What is the greatest common divisor of 55 and v?
5
Let n = -7 + 9. Suppose -d + 0*o = o - 1, -d + 1 = -n*o. Suppose 5*l + 0*l = 25. What is the highest common divisor of l and d?
1
Suppose h + 5*w = -38, -5*h + h + 4*w = 32. Let d = h + 58. What is the greatest common divisor of 5 and d?
5
Let h = -451 - -1186. What is the greatest common factor of 30 and h?
15
Let q = -199 + 203. What is the highest common factor of q and 52?
4
Suppose -s + 5 = 5*y, -3*s = 2*y - 6 + 17. Suppose -4*j - 2 = k - 11, 45 = y*k - j. What is the greatest common divisor of 28 and k?
7
Let r(l) be the third derivative of l**5/20 + l**4/8 - l**3/2 - l**2. Let y = -305 - -307. Let h be r(y). Calculate the highest common factor of h and 105.
15
Suppose -4*b + 2457 = 9*b. Calculate the greatest common factor of b and 135.
27
Let l be (-11 - -15)/(3/18). What is the greatest common divisor of 564 and l?
12
Let j(v) = -77*v. Suppose 0 = -3*y + 7*y + 16. Let f be j(y). Let r = -173 + f. What is the greatest common divisor of 54 and r?
27
Suppose 6*t = 7 + 113. Suppose 0*k + k = -z + 54, z - 62 = -3*k. Calculate the greatest common divisor of t and z.
10
Suppose -5*b + 3*a = 2*a - 78, 0 = a - 2. Let u(k) = 15*k + 4. Let y be u(4). What is the highest common divisor of b and y?
16
Let o(q) = -q**2 + 8*q + 5. Let c be o(8). Suppose -t + c = -33. What is the highest common divisor of t and 95?
19
Let j = -163 - -649. Calculate the greatest common factor of 54 and j.
54
Let y = 383 + -357. Calculate the highest common factor of y and 104.
26
Let v = -154 - -331. Suppose 3*x = -0*x + j + 181, -v = -3*x - 3*j. Calculate the highest common factor of x and 150.
30
Suppose 2 = -2*f + 3*d, 6*d = -3*f + d + 16. Let o be f/(-1)*-1 + 1. Let j(m) = -m + 7. Let p be j(4). What is the highest common factor of p and o?
3
Let u be (-27)/5 + (-12)/(-30). Let n be (5 + -2)/(1/u). Let q = n - -31. Calculate the highest common divisor of q and 48.
16
Let g = -1516 - -3063. Let q = g + -967. Let n be (-1)/(-3) - q/(-15). What is the highest common factor of 13 and n?
13
Let b be 164 - 3 - (-1 - 1*-2). Let z = -65 + b. Calculate the highest common factor of z and 57.
19
Suppose -12*l + 326 = -250. Calculate the greatest common factor of l and 168.
24
